 to base 2
1101111101000
389 (base 13) to base 4
21230
Convert -306 (base 7) to base 3.
-12200
What is 33b (base 12) in base 8?
737
1420 (base 7) to base 5
4203
10001110110000 (base 2) to base 9
13471
What is -3003023 (base 4) in base 6?
-133455
42a (base 13) to base 10
712
What is 300023 (base 4) in base 11?
2353
-30343 (base 8) to base 10
-12515
What is -7799 (base 14) in base 2?
-101000011101011
Convert 12103201 (base 4) to base 3.
1022102111
Convert 113104 (base 7) to base 9.
30744
1042033 (base 5) to base 14
69bb
110112222 (base 3) to base 14
349a
Convert -241211 (base 5) to base 2.
-10001011100011
Convert 1111 (base 3) to base 4.
220
What is 101001000110 (base 2) in base 16?
a46
What is -133 (base 5) in base 2?
-101011
46259 (base 10) to base 8
132263
Convert -6c83 (base 14) to base 5.
-1101211
What is -b23 (base 15) in base 5?
-40013
Convert 12221010 (base 4) to base 2.
110101001000100
6569 (base 15) to base 3
1002110100
-2225 (base 7) to base 11
-670
-140 (base 14) to base 16
-fc
What is 13629 (base 10) in base 8?
32475
3a63 (base 13) to base 6
102414
Convert 42b (base 15) to base 4.
32231
Convert -10333 (base 6) to base 13.
-858
Convert -376 (base 16) to base 15.
-3e1
Convert -6227 (base 15) to base 6.
-240001
What is 254212 (base 6) in base 10?
22976
Convert 10110101011 (base 2) to base 13.
878
What is -1001101011110 (base 2) in base 15?
-1708
Convert -1340 (base 5) to base 4.
-3130
What is -400133 (base 5) in base 9?
-18176
3692 (base 14) to base 5
301121
Convert 1322 (base 6) to base 5.
2323
Convert -6533 (base 7) to base 8.
-4427
5323 (base 13) to base 12
6801
-1222221102 (base 3) to base 11
-275a9
What is 2100202010 (base 3) in base 11?
31a06
1218b (base 13) to base 4
20013113
-33211 (base 5) to base 4
-210002
-20201 (base 3) to base 5
-1211
14604 (base 7) to base 2
111111100111
Convert 111001010 (base 2) to base 14.
24a
-1132 (base 8) to base 5
-4402
-383 (base 9) to base 16
-13e
What is -2332430 (base 5) in base 2?
-1010011101110001
Convert -201022 (base 5) to base 8.
-14363
413331 (base 5) to base 12
7a47
What is 2479 (base 10) in base 15?
b04
-12313 (base 4) to base 7
-1165
2143243 (base 5) to base 6
444443
What is 10016 (base 12) in base 10?
20754
What is 766 (base 9) in base 15?
2bc
Convert -254 (base 11) to base 6.
-1221
110131000 (base 4) to base 9
136824
-1cf2 (base 16) to base 4
-1303302
Convert -1672 (base 10) to base 6.
-11424
2222202 (base 4) to base 6
122310
-111000111000011 (base 2) to base 12
-14a2b
Convert -143 (base 6) to base 16.
-3f
Convert 1102102 (base 3) to base 12.
725
What is -2343 (base 6) in base 12?
-3b3
-1110011011010110 (base 2) to base 10
-59094
What is 15133 (base 15) in base 12?
33279
-13300 (base 5) to base 11
-898
-ddf (base 16) to base 5
-103201
12c17 (base 13) to base 3
1210000102
What is 1183 (base 10) in base 13?
700
Convert -112013 (base 6) to base 9.
-14040
Convert 21022 (base 3) to base 11.
16a
What is -2211 (base 8) in base 7?
-3246
What is -300022 (base 5) in base 7?
-36240
Convert 27 (base 14) to base 3.
1022
-234 (base 5) to base 16
-45
Convert 170 (base 15) to base 4.
11022
3a50 (base 11) to base 14
1cb8
Convert 1fa (base 16) to base 11.
420
17267 (base 8) to base 5
222423
-36191 (base 11) to base 4
-30232202
Convert -484 (base 11) to base 15.
-286
-4017 (base 14) to base 16
-2af5
Convert -720 (base 15) to base 14.
-829
-453 (base 13) to base 10
-744
What is a3 (base 13) in base 8?
205
Convert -27333 (base 10) to base 15.
-8173
What is 33899 (base 11) in base 15?
e7b2
What is -5682 (base 11) in base 10?
-7471
What is -255 (base 8) in base 16?
-ad
Convert 3fc (base 16) to base 8.
1774
What is -4220 (base 8) in base 3?
-10000012
Convert -7d99 (base 14) to base 10.
-21891
What is 1311030 (base 5) in base 16?
64a5
What is 21aa (base 12) in base 14?
1506
What is 2382 (base 16) in base 9?
13420
-446 (base 15) to base 6
-4250
Convert 4330 (base 5) to base 6.
2422
Convert -320040 (base 5) to base 2.
-10100110010101
What is 20101 (base 4) in base 2?
1000010001
Convert 422 (base 9) to base 14.
1a8
Convert 3c3d (base 15) to base 10.
12883
-8536 (base 16) to base 7
-201265
What is 30 (base 15) in base 13?
36
Convert -2236 (base 8) to base 7.
-3306
17a5 (base 11) to base 5
33133
What is 3a0 (base 12) in base 13?
336
What is -1175 (base 14) in base 4?
-233203
What is -1001100001100011 (base 2) in base 13?
-149ab
-1305 (base 6) to base 9
-405
What is 476 (base 12) in base 8?
1232
13511 (base 6) to base 10
2131
What is -2100121 (base 3) in base 11?
-1321
Convert b887 (base 12) to base 8.
47447
-1222011 (base 3) to base 13
-865
4a3 (base 11) to base 7
1512
What is -3520 (base 7) in base 9?
-1681
Convert 4 (base 14) to base 11.
4
Convert 1101110000100101 (base 2) to base 15.
11a72
Convert -18a4 (base 12) to base 4.
-232330
23222 (base 6) to base 9
4505
What is -101111101 (base 2) in base 10?
-381
What is -120311 (base 4) in base 6?
-11205
Convert -11101 (base 6) to base 8.
-3015
What is 117 (base 12) in base 11?
139
Convert -5b0 (base 13) to base 5.
-12423
Convert -120221 (base 5) to base 2.
-1000101010100
Convert 526 (base 12) to base 14.
3b8
-3214 (base 5) to base 13
-275
Convert -14067 (base 8) to base 13.
-2a8b
Convert -134424 (base 6) to base 5.
-401223
What is 131200 (base 4) in base 16?
760
What is -14420 (base 5) in base 12?
-86b
-1561 (base 7) to base 5
-10011
3529a (base 11) to base 15
10154
What is -33 (base 14) in base 10?
-45
What is -1844 (base 14) in base 13?
-1cb4
Convert -244 (base 5) to base 9.
-82
Convert 5552 (base 6) to base 12.
8b8
What is 562e (base 15) in base 8?
43535
Convert -250d (base 15) to base 11.
-5a21
What is -5773 (base 9) in base 10?
-4278
Convert -274 (base 10) to base 7.
-541
What is 14a (base 11) in base 2?
10101111
-2563 (base 8) to base 7
-4032
What is -34210 (base 5) in base 12?
-14a6
-112142 (base 5) to base 12
-2413
What is -23250 (base 6) in base 7?
-12513
5221 (base 14) to base 7
56141
-15016 (base 7) to base 16
-1021
What is -10110 (base 2) in base 9?
-24
Convert -4142 (base 6) to base 13.
-563
What is 30543 (base 6) in base 7?
14640
What is 132102 (base 4) in base 12?
1156
3bc (base 14) to base 6
3254
277 (base 16) to base 14
331
57455 (base 8) to base 15
7345
-10012331 (base 4) to base 15
-4ebe
What is 31021 (base 4) in base 11?
6a5
-1020212 (base 3) to base 14
-494
What is -200 (base 16) in base 3?
-200222
Convert -1b62 (base 13) to base 10.
-4136
What is 584 (base 16) in base 9?
1838
Convert 11422 (base 5) to base 6.
3554
-647 (base 11) to base 2
-1100001001
What is 211202222 (base 3) in base 6?
204512
1210112110 (base 3) to base 14
cc74
440 (base 6) to base 7
330
What is -155003 (base 7) in base 5?
-1434110
What is -959b (base 14) in base 6?
-315301
What is -15045 (base 8) in base 10?
-6693
Convert -1111010101100 (base 2) to base 14.
-2c0c
What is -10011100000 (base 2) in base 5?
-14443
What is 3040 (base 7) in base 15?
4a7
-120332 (base 8) to base 10
-41178
Convert 33413 (base 5) to base 6.
14530
4204 (base 5) to base 9
675
2d52 (base 14) to base 6
101312
1ad (base 15) to base 3
112101
What is -330200 (base 4) in base 11?
-2a00
-4997 (base 12) to base 4
-2002003
Convert -260 (base 9) to base 4.
-3120
What is 7964 (base 10) in base 5?
223324
What is 2421 (base 8) in base 15?
5b7
-37456 (base 10) to base 4
-21021100
6 (base 9) to base 11
6
What is -2511 (base 6) in base 5?
-4434
Convert -11000010 (base 2) to base 16.
-c2
What is 1614 (base 9) in base 2?
10011001100
2874 (base 9) to base 3
2222111
Convert -2aa5 (base 11) to base 16.
-f93
Convert -62630 (base 8) to base 13.
-bab8
Convert ba32 (base 12) to base 10.
20486
Convert -83b (base 12) to base 15.
-54e
What is 276 (base 8) in base 15?
ca
-b688 (base 15) to base 3
-1221221202
-832 (base 13) to base 9
-1817
What is -21302 (base 4) in base 3?
-212012
What is 1021 (base 6) in base 5?
1404
Convert a98 (base 13) to base 12.
1073
Convert 100100001 (base 2) to base 10.
289
What is 7463 (base 8) in base 5?
111031
What is 3aa8 (base 16) in base 8?
35250
25476 (base 9) to base 10
17160
Convert -110020 (base 3) to base 6.
-1310
What is 26336 (base 8) in base 12?
6792
Convert -61606 (base 9) to base 8.
-117213
What is -2421 (base 10) in base 12?
-1499
103134 (base 7) to base 15
5490
-6330 (base 13) to bas